 the remainder when (-6)/7*(75 - 117) is divided by b(0)?
15
Let j be ((-2)/(-5))/(2/10). Suppose 4*p = -x + 145, -4*p = j*x - 122 - 28. Suppose 60*d - 25*d - 268 = 31*d. Calculate the remainder when d is divided by p.
32
Let f(i) = -i**3 - 7*i**2 - 9*i + 2. What is the remainder when f(-7) is divided by 11?
10
What is the remainder when 214 is divided by (-84)/(-3) - (-5 - (10 + -18))?
14
Let g = 14 - 3. Let d(u) = -u - 3. Let w be d(-6). Suppose -w = -2*t + t. Calculate the remainder when g is divided by t.
2
Suppose -6 = -6*j + 12. Suppose 0*v - v = -j. Calculate the remainder when -1 + 80/(v - -1) is divided by 11.
8
Suppose 0 = -20*c + 27*c + 252. Let j = c + 39. What is the remainder when 5 is divided by j?
2
Let b(o) = -4*o + 19. Let z be b(-14). Let n = -58 + z. Let i(l) = l**3 - 3*l**2 - l - 3. What is the remainder when n is divided by i(4)?
8
What is the remainder when 3 + (1 + (-1045)/(-10))*2 is divided by 43?
42
Suppose 4*q - 3*a = 8*q - 395, 2*q - a = 185. Let w = -78 + q. Calculate the remainder when 30 is divided by w.
13
Suppose -1 = -o + 3*t, 0 = 2*o - 15*t + 19*t - 22. Calculate the remainder when 45 is divided by o.
3
Let d(a) = a**2 - 10*a - 12. Let i(p) = -p**2 + 7*p + 2. Let w be i(5). Calculate the remainder when 21 is divided by d(w).
9
Let k = 302 - 295. Calculate the remainder when 49 is divided by k.
0
Let r be (3 - 2) + 49 + 2/(-2). Let a = r + -25. Calculate the remainder when a is divided by 15.
9
Let x be (-4)/18 - 5649/(-27). Let p = 353 - x. What is the remainder when p is divided by 21?
18
Suppose -r - 100 = -4*r + 2*y, 0 = -3*r - 3*y + 75. Let m be 4 + 0 + -5 + 19. Let c(h) = 2*h - 20. What is the remainder when r is divided by c(m)?
14
Let w(f) = -7*f + 43. Let x be w(-10). Suppose -x = -13*p + 342. Calculate the remainder when p is divided by 12.
11
Let d = -9 + 18. Let s(r) = -4*r - 4. What is the remainder when (-2)/(-1) + d - 2 is divided by s(-2)?
1
Suppose -2*l + 2 + 4 = 0. Suppose q = 5*q + 2*f - 36, 3*q - 30 = -l*f. What is the remainder when q is divided by 2?
0
Let d(x) = -3*x. Suppose -4*f = -3*r - 1 + 33, 0 = -5*f - 4*r - 9. Let l(u) = 5*u + 9. Calculate the remainder when d(f) is divided by l(0).
6
Let k(f) = 14*f + 55. What is the remainder when k(16) is divided by 20?
19
Let k = 2752 + -2463. What is the remainder when k is divided by 18?
1
Let p(d) = d**2 + 20*d - 251. Calculate the remainder when p(-29) is divided by 8.
2
Let v(c) = -26*c - 312. Calculate the remainder when v(-13) is divided by 19.
7
Let t(r) = r**2 + 46*r + 521. Let j(m) = -26*m**3 - 2*m**2 - 4*m - 2. Let n be j(-2). Calculate the remainder when t(-30) is divided by (-2)/(-5) + n/10.
20
Let x = 2671 - 2532. What is the remainder when x is divided by 18?
13
Suppose 43*d - 12 - 3471 = 0. Suppose 0 = -g + 9 + 12. What is the remainder when d is divided by g?
18
Let l = 7 - 4. Let w(d) = 12*d - 41. What is the remainder when w(7) is divided by ((-8)/l)/((-6)/36)?
11
Let h = -8 - -22. Calculate the remainder when 348 is divided by h.
12
Suppose 0 = -5*s + 4*s + 43. Suppose -s = -4*k + 57. What is the remainder when 99 is divided by k?
24
Suppose -4*z = 2*p + 381 + 29, -5*z - 515 = 3*p. Let b = z + 142. Calculate the remainder when b is divided by 11.
9
Let q = 13 - 34. Suppose 9*u - 36 = 45. Calculate the remainder when 1 - (q - (-2 + 4)) is divided by u.
6
Let u(d) = 15*d + 39. Calculate the remainder when u(0) is divided by 31.
8
Let c = 266 - 254. What is the remainder when 124 is divided by c?
4
Let k(f) = 78*f - 115. Calculate the remainder when k(9) is divided by 49.
48
Suppose 2*u = -2*v + 8 + 10, -3*u + 34 = -4*v. What is the remainder when 78 is divided by ((-4)/5)/(u/(-275))?
12
Let j be 15/(10/(-4) - -1). Let r(y) = y**3 + 10*y**2 - 3*y - 12. Calculate the remainder when (-8)/(-28) + (-488)/(-7) is divided by r(j).
16
Let v be 315/25 - (-2)/5. Let p(b) = -b**2 + 14*b - 2. Calculate the remainder when 32 is divided by p(v).
10
Let h(d) = -d**3 + 8*d**2 - 6*d - 10. Let j be h(7). Let b be 3/(-2*j/(-20)). Calculate the remainder when 4 is divided by (6 - 9) + b/(-2).
0
Let w = -6 + 8. Suppose 0 = -2*a - 4, w*r + r = 2*a + 7. Calculate the remainder when 17 is divided by ((10/2)/r)/1.
2
Let o be (-15)/(-2)*12/18. What is the remainder when 219/2 - o/10 is divided by 28?
25
Let m(j) = -2*j + 1. Let q be m(-9). Suppose f + q = 2*f. Calculate the remainder when f is divided by 11.
8
Suppose -5*n - 50 = -10*n. Let h(d) = -71*d**2 + 27*d**2 + 23*d**2 + 24*d**2 - 5*d + 1. Calculate the remainder when h(4) is divided by n.
9
Let y = 1589 - 1582. Suppose -2*h + 2*f + 8 = -6*h, -4*h - 28 = -3*f. Let i(z) = -z - 2. What is the remainder when y is divided by i(h)?
1
Let d be (-9)/6*(-276)/(-18). Let w = d - -78. Calculate the remainder when w is divided by 14.
13
Let j(u) = 21*u - 2. Let v be j(2). Suppose v + 20 = 4*w. Suppose 8 + w = g + 4*c, -5*g = 4*c - 131. What is the remainder when g is divided by 7?
6
Suppose 0 = 17*q + 24*q - 328. Calculate the remainder when 45 is divided by q.
5
Suppose -6*v = -8*v - 12. Let c = 9 - v. What is the remainder when ((-6)/5)/((-6)/285) is divided by c?
12
Let g(a) = 2*a**2 - 2*a + 1. Let h be (-1)/(12/(-20))*3. Suppose h*b - 186 = 3*p, -2*b = -b + 2*p - 32. Calculate the remainder when b is divided by g(3).
10
Let c(u) = u**2 + 3*u. Let f be c(-4). Let t(k) = 4 + f + 4 - 4 - k. Calculate the remainder when 51 is divided by t(-10).
15
Let a(u) = -22*u - 975. Calculate the remainder when 52 is divided by a(-45).
7
Suppose -q - 4*q = -2*p - 30, 0 = 2*p. Suppose n - f - 1 = 0, n - 2*f = -2*n + q. Calculate the remainder when 12 is divided by n.
0
Let l = 74 + -65. Suppose l*a + 27 = 12*a. What is the remainder when 61 is divided by a?
7
Suppose -2*p = -8 - 2. Let j = 8 - p. Suppose 21 = j*z - 45. Calculate the remainder when 87 is divided by z.
21
Let n(w) = 0 - 4 + 18*w - 1 - 4. What is the remainder when n(4) is divided by 13?
11
Let a = -543 - -652. Calculate the remainder when 428 is divided by a.
101
Let d = -1167 - -1271. What is the remainder when 206 is divided by d?
102
Let c(h) = -263*h**3 - h**2 + 6*h + 8. What is the remainder when c(-1) is divided by 19?
17
Let t = -1219 + 1340. Calculate the remainder when 258 is divided by t.
16
Let b(y) = 3*y + 1. Let h = -43 - -44. What is the remainder when 31 is divided by b(h)?
3
Let n = 270 - 217. What is the remainder when n is divided by 24?
5
Let d = -48 - -81. Suppose 21*r - 16 = 23*r. Let m = d - r. Calculate the remainder when m is divided by 21.
20
Let b(u) = -8*u**3 - 15*u**3 - 3*u**2 + 22*u**3 + 1. Suppose 3*i - 4*i + 13 = -4*z, -5*z = -2*i + 14. Calculate the remainder when 3 is divided by b(i).
0
Let c = 45 + -64. Suppose 4 = o + 2. What is the remainder when 63 is divided by o*(-3 + c/(-2))?
11
What is the remainder when 288 is divided by (-15)/(-2)*((-238)/42 + 7)?
8
Let q(c) = 2*c**2 + 3*c - 4. Suppose 5*k + j - 103 = 0, 0 = -3*k - 13*j + 16*j + 51. Calculate the remainder when k is divided by q(-3).
0
Let w(o) = -o**3 + 5*o**2 - 2*o - 5. Let t be w(4). Let h be ((-21)/(-14))/(t/14). Suppose -6 = -j + h. Calculate the remainder when 36 is divided by j.
10
Let q = 102 + -77. Suppose -q = -u + 32. Calculate the remainder when u is divided by 15.
12
Suppose -32*i - 210 = -658. Suppose -421 + 81 = -5*f. Calculate the remainder when f is divided by i.
12
Suppose 5*l - 14 + 4 = -5*t, l = 2*t - 1. Calculate the remainder when t is divided by 3/2*(-4)/(-6).
0
Let i = 425 - 386. Calculate the remainder when i is divided by 11.
6
Suppose -3*k + 4*p = 311, -3*k = -2*p + 341 - 28. Calculate the remainder when 117 is divided by ((-12)/(-14))/((-3)/k).
27
Let l be (-158)/(-4) + (-2)/(-4). Suppose 5*u = l - 5. What is the remainder when u is divided by 5?
2
Let y(k) be the first derivative of k**4/4 - 11*k**3/3 - 5*k**2/2 - 5*k - 13. What is the remainder when y(12) is divided by 16?
15
Let i(r) = -6*r**2 - 3*r - 9. Let n be i(-3). Calculate the remainder when 116 is divided by (n/(-15))/((-18)/(-120)).
20
Let s = -7 + 10. Let d(m) = 2*m**3 - 4*m**2 + 3*m. Calculate the remainder when d(s) is divided by 7.
6
Suppose -14 = -58*j + 55*j - 5*s, 3*j - 12 = -3*s. Suppose 0*q = 4*y + 2*q - 66, y + 2*q - 21 = 0. Calculate the remainder when y 